{"id":495,"date":"2016-03-22T14:21:21","date_gmt":"2016-03-22T13:21:21","guid":{"rendered":"http:\/\/www.fuentedeladuquesa.com\/pt-pt\/tarif-contact\/"},"modified":"2024-10-15T08:12:13","modified_gmt":"2024-10-15T07:12:13","slug":"tarif-contact","status":"publish","type":"page","link":"https:\/\/www.fuentedeladuquesa.com\/pt-pt\/tarif-contact\/","title":{"rendered":"Pre\u00e7os &#038; Reservas"},"content":{"rendered":"<p><strong>Para lhe garantir um servi\u00e7o profissional de qualidade e uma assist\u00eancia no local na sua l\u00edngua, a gest\u00e3o do aluguer desta resid\u00eancia de f\u00e9rias foi confiada \u00e0 Cynthia, que o acolher\u00e1 nas melhores condi\u00e7\u00f5es em franc\u00eas, ingl\u00eas ou espanhol.<\/strong><\/p>\n<p>Ao clicar no separador abaixo, ser\u00e1 reencaminhado para o s\u00edtio do nosso parceiro, onde poder\u00e1 verificar a disponibilidade para a sua estadia, calcular o pre\u00e7o e reservar em linha de forma segura.<\/p>\n<p>Tamb\u00e9m teremos todo o gosto em responder \u00e0s suas perguntas na plataforma da sua escolha.<\/p>\n<p>Para que possa aproveitar ao m\u00e1ximo a sua estadia, a limpeza do alojamento, bem como a roupa de casa (len\u00e7\u00f3is e toalhas de banho) est\u00e3o inclu\u00eddas no pre\u00e7o.<\/p>\n","protected":false},"excerpt":{"rendered":"Para lhe garantir um servi\u00e7o profissional de qualidade e uma assist\u00eancia no local na sua l\u00edngua, a gest\u00e3o do aluguer desta resid\u00eancia de f\u00e9rias foi confiada \u00e0 Cynthia, que o acolher\u00e1 nas melhores condi\u00e7\u00f5es em franc\u00eas, ingl\u00eas ou espanhol. Ao clicar no separador abaixo, ser\u00e1 reencaminhado para o s\u00edtio do nosso parceiro, onde poder\u00e1 verificar&#8230; <a class=\"view-article\" href=\"https:\/\/www.fuentedeladuquesa.com\/pt-pt\/tarif-contact\/\">En savoir plus<\/a>","protected":false},"author":2,"featured_media":0,"parent":0,"menu_order":0,"comment_status":"closed","ping_status":"closed","template":"template-contact.php","meta":{"_acf_changed":false,"footnotes":""},"class_list":["post-495","page","type-page","status-publish","hentry"],"acf":[],"yoast_head":"<!-- This site is optimized with the Yoast SEO plugin v27.5 - https:\/\/yoast.com\/product\/yoast-seo-wordpress\/ -->\n<title>Pre\u00e7os &amp; Reservas - Appartement Espagne<\/title>\n<meta name=\"robots\" content=\"index, follow, max-snippet:-1, max-image-preview:large, max-video-preview:-1\" \/>\n<link rel=\"canonical\" href=\"https:\/\/www.fuentedeladuquesa.com\/pt-pt\/tarif-contact\/\" \/>\n<meta property=\"og:locale\" content=\"pt_PT\" \/>\n<meta property=\"og:type\" content=\"article\" \/>\n<meta property=\"og:title\" content=\"Pre\u00e7os &amp; Reservas - Appartement Espagne\" \/>\n<meta property=\"og:description\" content=\"Para lhe garantir um servi\u00e7o profissional de qualidade e uma assist\u00eancia no local na sua l\u00edngua, a gest\u00e3o do aluguer desta resid\u00eancia de f\u00e9rias foi confiada \u00e0 Cynthia, que o acolher\u00e1 nas melhores condi\u00e7\u00f5es em franc\u00eas, ingl\u00eas ou espanhol. Ao clicar no separador abaixo, ser\u00e1 reencaminhado para o s\u00edtio do nosso parceiro, onde poder\u00e1 verificar... En savoir plus\" \/>\n<meta property=\"og:url\" content=\"https:\/\/www.fuentedeladuquesa.com\/pt-pt\/tarif-contact\/\" \/>\n<meta property=\"og:site_name\" content=\"Appartement Espagne\" \/>\n<meta property=\"article:modified_time\" content=\"2024-10-15T07:12:13+00:00\" \/>\n<meta name=\"twitter:card\" content=\"summary_large_image\" \/>\n<meta name=\"twitter:label1\" content=\"Tempo estimado de leitura\" \/>\n\t<meta name=\"twitter:data1\" content=\"1 minuto\" \/>\n<script type=\"application\/ld+json\" class=\"yoast-schema-graph\">{\"@context\":\"https:\\\/\\\/schema.org\",\"@graph\":[{\"@type\":\"WebPage\",\"@id\":\"https:\\\/\\\/www.fuentedeladuquesa.com\\\/pt-pt\\\/tarif-contact\\\/\",\"url\":\"https:\\\/\\\/www.fuentedeladuquesa.com\\\/pt-pt\\\/tarif-contact\\\/\",\"name\":\"Pre\u00e7os & Reservas - Appartement Espagne\",\"isPartOf\":{\"@id\":\"https:\\\/\\\/www.fuentedeladuquesa.com\\\/#website\"},\"datePublished\":\"2016-03-22T13:21:21+00:00\",\"dateModified\":\"2024-10-15T07:12:13+00:00\",\"breadcrumb\":{\"@id\":\"https:\\\/\\\/www.fuentedeladuquesa.com\\\/pt-pt\\\/tarif-contact\\\/#breadcrumb\"},\"inLanguage\":\"pt-PT\",\"potentialAction\":[{\"@type\":\"ReadAction\",\"target\":[\"https:\\\/\\\/www.fuentedeladuquesa.com\\\/pt-pt\\\/tarif-contact\\\/\"]}]},{\"@type\":\"BreadcrumbList\",\"@id\":\"https:\\\/\\\/www.fuentedeladuquesa.com\\\/pt-pt\\\/tarif-contact\\\/#breadcrumb\",\"itemListElement\":[{\"@type\":\"ListItem\",\"position\":1,\"name\":\"Accueil\",\"item\":\"https:\\\/\\\/www.fuentedeladuquesa.com\\\/pt-pt\\\/\"},{\"@type\":\"ListItem\",\"position\":2,\"name\":\"Pre\u00e7os &#038; Reservas\"}]},{\"@type\":\"WebSite\",\"@id\":\"https:\\\/\\\/www.fuentedeladuquesa.com\\\/#website\",\"url\":\"https:\\\/\\\/www.fuentedeladuquesa.com\\\/\",\"name\":\"Appartement Espagne\",\"description\":\"\",\"potentialAction\":[{\"@type\":\"SearchAction\",\"target\":{\"@type\":\"EntryPoint\",\"urlTemplate\":\"https:\\\/\\\/www.fuentedeladuquesa.com\\\/?s={search_term_string}\"},\"query-input\":{\"@type\":\"PropertyValueSpecification\",\"valueRequired\":true,\"valueName\":\"search_term_string\"}}],\"inLanguage\":\"pt-PT\"}]}<\/script>\n<!-- \/ Yoast SEO plugin. -->","yoast_head_json":{"title":"Pre\u00e7os & Reservas - Appartement Espagne","robots":{"index":"index","follow":"follow","max-snippet":"max-snippet:-1","max-image-preview":"max-image-preview:large","max-video-preview":"max-video-preview:-1"},"canonical":"https:\/\/www.fuentedeladuquesa.com\/pt-pt\/tarif-contact\/","og_locale":"pt_PT","og_type":"article","og_title":"Pre\u00e7os & Reservas - Appartement Espagne","og_description":"Para lhe garantir um servi\u00e7o profissional de qualidade e uma assist\u00eancia no local na sua l\u00edngua, a gest\u00e3o do aluguer desta resid\u00eancia de f\u00e9rias foi confiada \u00e0 Cynthia, que o acolher\u00e1 nas melhores condi\u00e7\u00f5es em franc\u00eas, ingl\u00eas ou espanhol. Ao clicar no separador abaixo, ser\u00e1 reencaminhado para o s\u00edtio do nosso parceiro, onde poder\u00e1 verificar... En savoir plus","og_url":"https:\/\/www.fuentedeladuquesa.com\/pt-pt\/tarif-contact\/","og_site_name":"Appartement Espagne","article_modified_time":"2024-10-15T07:12:13+00:00","twitter_card":"summary_large_image","twitter_misc":{"Tempo estimado de leitura":"1 minuto"},"schema":{"@context":"https:\/\/schema.org","@graph":[{"@type":"WebPage","@id":"https:\/\/www.fuentedeladuquesa.com\/pt-pt\/tarif-contact\/","url":"https:\/\/www.fuentedeladuquesa.com\/pt-pt\/tarif-contact\/","name":"Pre\u00e7os & Reservas - Appartement Espagne","isPartOf":{"@id":"https:\/\/www.fuentedeladuquesa.com\/#website"},"datePublished":"2016-03-22T13:21:21+00:00","dateModified":"2024-10-15T07:12:13+00:00","breadcrumb":{"@id":"https:\/\/www.fuentedeladuquesa.com\/pt-pt\/tarif-contact\/#breadcrumb"},"inLanguage":"pt-PT","potentialAction":[{"@type":"ReadAction","target":["https:\/\/www.fuentedeladuquesa.com\/pt-pt\/tarif-contact\/"]}]},{"@type":"BreadcrumbList","@id":"https:\/\/www.fuentedeladuquesa.com\/pt-pt\/tarif-contact\/#breadcrumb","itemListElement":[{"@type":"ListItem","position":1,"name":"Accueil","item":"https:\/\/www.fuentedeladuquesa.com\/pt-pt\/"},{"@type":"ListItem","position":2,"name":"Pre\u00e7os &#038; Reservas"}]},{"@type":"WebSite","@id":"https:\/\/www.fuentedeladuquesa.com\/#website","url":"https:\/\/www.fuentedeladuquesa.com\/","name":"Appartement Espagne","description":"","potentialAction":[{"@type":"SearchAction","target":{"@type":"EntryPoint","urlTemplate":"https:\/\/www.fuentedeladuquesa.com\/?s={search_term_string}"},"query-input":{"@type":"PropertyValueSpecification","valueRequired":true,"valueName":"search_term_string"}}],"inLanguage":"pt-PT"}]}},"_links":{"self":[{"href":"https:\/\/www.fuentedeladuquesa.com\/pt-pt\/wp-json\/wp\/v2\/pages\/495","targetHints":{"allow":["GET"]}}],"collection":[{"href":"https:\/\/www.fuentedeladuquesa.com\/pt-pt\/wp-json\/wp\/v2\/pages"}],"about":[{"href":"https:\/\/www.fuentedeladuquesa.com\/pt-pt\/wp-json\/wp\/v2\/types\/page"}],"author":[{"embeddable":true,"href":"https:\/\/www.fuentedeladuquesa.com\/pt-pt\/wp-json\/wp\/v2\/users\/2"}],"replies":[{"embeddable":true,"href":"https:\/\/www.fuentedeladuquesa.com\/pt-pt\/wp-json\/wp\/v2\/comments?post=495"}],"version-history":[{"count":14,"href":"https:\/\/www.fuentedeladuquesa.com\/pt-pt\/wp-json\/wp\/v2\/pages\/495\/revisions"}],"predecessor-version":[{"id":2291,"href":"https:\/\/www.fuentedeladuquesa.com\/pt-pt\/wp-json\/wp\/v2\/pages\/495\/revisions\/2291"}],"wp:attachment":[{"href":"https:\/\/www.fuentedeladuquesa.com\/pt-pt\/wp-json\/wp\/v2\/media?parent=495"}],"curies":[{"name":"wp","href":"https:\/\/api.w.org\/{rel}","templated":true}]}}

Preços &#038; Reservas

<p><strong>Para lhe garantir um serviço profissional de qualidade e uma assistência no local na sua língua, a gestão do aluguer desta residência de férias foi confiada à Cynthia, que o acolherá nas melhores condições em francês, inglês ou espanhol.</strong></p>
<p>Ao clicar no separador abaixo, será reencaminhado para o sítio do nosso parceiro, onde poderá verificar a disponibilidade para a sua estadia, calcular o preço e reservar em linha de forma segura.</p>
<p>Também teremos todo o gosto em responder às suas perguntas na plataforma da sua escolha.</p>
<p>Para que possa aproveitar ao máximo a sua estadia, a limpeza do alojamento, bem como a roupa de casa (lençóis e toalhas de banho) estão incluídas no preço.</p>

Para lhe garantir um serviço profissional de qualidade e uma assistência no local na sua língua, a gestão do aluguer desta residência de férias foi confiada à Cynthia, que o acolherá nas melhores condições em francês, inglês ou espanhol. Ao clicar no separador abaixo, será reencaminhado para o sítio do nosso parceiro, onde poderá verificar&#8230; <a class="view-article" href="https://www.fuentedeladuquesa.com/pt-pt/tarif-contact/">En savoir plus</a>

<!-- This site is optimized with the Yoast SEO plugin v27.5 - https://yoast.com/product/yoast-seo-wordpress/ -->
<title>Preços &amp; Reservas - Appartement Espagne</title>
<meta name="robots" content="index, follow, max-snippet:-1, max-image-preview:large, max-video-preview:-1" />
<link rel="canonical" href="https://www.fuentedeladuquesa.com/pt-pt/tarif-contact/" />
<meta property="og:locale" content="pt_PT" />
<meta property="og:type" content="article" />
<meta property="og:title" content="Preços &amp; Reservas - Appartement Espagne" />
<meta property="og:description" content="Para lhe garantir um serviço profissional de qualidade e uma assistência no local na sua língua, a gestão do aluguer desta residência de férias foi confiada à Cynthia, que o acolherá nas melhores condições em francês, inglês ou espanhol. Ao clicar no separador abaixo, será reencaminhado para o sítio do nosso parceiro, onde poderá verificar... En savoir plus" />
<meta property="og:url" content="https://www.fuentedeladuquesa.com/pt-pt/tarif-contact/" />
<meta property="og:site_name" content="Appartement Espagne" />
<meta property="article:modified_time" content="2024-10-15T07:12:13+00:00" />
<meta name="twitter:card" content="summary_large_image" />
<meta name="twitter:label1" content="Tempo estimado de leitura" />
	<meta name="twitter:data1" content="1 minuto" />
<script type="application/ld+json" class="yoast-schema-graph">{"@context":"https:\/\/schema.org","@graph":[{"@type":"WebPage","@id":"https:\/\/www.fuentedeladuquesa.com\/pt-pt\/tarif-contact\/","url":"https:\/\/www.fuentedeladuquesa.com\/pt-pt\/tarif-contact\/","name":"Preços & Reservas - Appartement Espagne","isPartOf":{"@id":"https:\/\/www.fuentedeladuquesa.com\/#website"},"datePublished":"2016-03-22T13:21:21+00:00","dateModified":"2024-10-15T07:12:13+00:00","breadcrumb":{"@id":"https:\/\/www.fuentedeladuquesa.com\/pt-pt\/tarif-contact\/#breadcrumb"},"inLanguage":"pt-PT","potentialAction":[{"@type":"ReadAction","target":["https:\/\/www.fuentedeladuquesa.com\/pt-pt\/tarif-contact\/"]}]},{"@type":"BreadcrumbList","@id":"https:\/\/www.fuentedeladuquesa.com\/pt-pt\/tarif-contact\/#breadcrumb","itemListElement":[{"@type":"ListItem","position":1,"name":"Accueil","item":"https:\/\/www.fuentedeladuquesa.com\/pt-pt\/"},{"@type":"ListItem","position":2,"name":"Preços &#038; Reservas"}]},{"@type":"WebSite","@id":"https:\/\/www.fuentedeladuquesa.com\/#website","url":"https:\/\/www.fuentedeladuquesa.com\/","name":"Appartement Espagne","description":"","potentialAction":[{"@type":"SearchAction","target":{"@type":"EntryPoint","urlTemplate":"https:\/\/www.fuentedeladuquesa.com\/?s={search_term_string}"},"query-input":{"@type":"PropertyValueSpecification","valueRequired":true,"valueName":"search_term_string"}}],"inLanguage":"pt-PT"}]}</script>
<!-- / Yoast SEO plugin. -->

Preços & Reservas - Appartement Espagne

Para lhe garantir um serviço profissional de qualidade e uma assistência no local na sua língua, a gestão do aluguer desta residência de férias foi confiada à Cynthia, que o acolherá nas melhores condições em francês, inglês ou espanhol. Ao clicar no separador abaixo, será reencaminhado para o sítio do nosso parceiro, onde poderá verificar... En savoir plus
